2. Let k = 29 - p. What are the prime factors of k?
17
Let u(v) = v**3 + 7*v**2 - 10*v - 14. Let t be u(-8). Suppose t*o + 2*o = 616. Let a = o + -96. List the prime factors of a.
2, 29
Let i(o) = o**3 + 70*o**2 - 290*o - 104. What are the prime factors of i(-73)?
3, 1693
Suppose -4*b = r - 6*b - 6713, -6*r = 3*b - 40293. List the prime factors of r.
5, 17, 79
Let i(w) = 1898*w**2 + 27*w + 56. What are the prime factors of i(-2)?
2, 3797
What are the prime factors of (1 + (-6)/(84/77))*-1278?
3, 71
Let j(b) = 4*b**2 + b - 10. Let g be j(-3). Suppose -2315 = -g*h + 5206. List the prime factors of h.
3, 109
What are the prime factors of 315/(-42)*(-168138)/27?
5, 9341
Let f(q) = 1407*q**3 - 12*q**2 + 8*q - 7. What are the prime factors of f(2)?
3, 3739
Let r(p) = p + 194. Let m be r(0). Let k be 1/(-9) + (-525511)/(-333). Suppose 8*v + m - k = 0. List the prime factors of v.
173
Suppose -l + 2*t = -4, 2*l - 3*l - 5*t = -18. Let s(c) = 3 - 4*c + l*c - 4 - 11. List the prime factors of s(17).
2, 7
Suppose 0 = -10*q + 5*q - 20. What are the prime factors of ((-2)/q)/((-9)/(-6480))?
2, 3, 5
Suppose 27353*h - 289234 = 27342*h. What are the prime factors of h?
2, 13147
Let l be (-8138)/39*3/2. Let m = 527 + l. List the prime factors of m.
2, 107
Let r = 750 + -12. Let j = r + -312. List the prime factors of j.
2, 3, 71
Let r(b) be the third derivative of -685*b**4/24 - 5*b**3/3 - 25*b**2. Let o be r(-2). Suppose 0 = 14*w - 6*w - o. List the prime factors of w.
2, 5, 17
Let x = -1378 - -2649. Suppose x = i + 288. What are the prime factors of i?
983
Let p = -54 + 58. Suppose -5*q + 2*i = -i - 1985, -4*q = -p*i - 1588. List the prime factors of q.
397
Let j = -202 + 333. Suppose -j - 79 = -14*z. What are the prime factors of z?
3, 5
Let s(m) be the first derivative of 2*m - 1 - 7/2*m**2 + 10/3*m**3. List the prime factors of s(3).
71
Suppose -31*o + 10 = -26*o. Suppose o*x = 3*r - 3, 0*x + 13 = 2*r - 5*x. List the prime factors of 183 + (r + 7 + -3 - 1).
5, 37
Suppose -13*g = -51*g + 254486. What are the prime factors of g?
37, 181
Let w(s) = -s**3 - 13*s**2 + 12*s - 12. Let y be w(-14). Suppose y*i + 2430 - 10734 = 0. What are the prime factors of i?
3, 173
Let h be (-8 - 16/(-4))*3/(-2). Suppose -9*k + h = -8*k. Suppose -k*l = -2*l - 56. List the prime factors of l.
2, 7
Suppose 6*t = t + 1360. Let v be 18 + ((-14 - -6) + 9)*-2. Suppose -v = -4*h + t. List the prime factors of h.
2, 3
Let h = 550 + -419. Suppose 0 = s - h - 218. What are the prime factors of s?
349
Let o(u) = 224*u**3 + 19*u**2 + 51*u - 224. What are the prime factors of o(4)?
2, 5, 17, 43
Suppose -5274 = -8*f + 2622. List the prime factors of f.
3, 7, 47
Let c = 60 - 57. Suppose -c*y - 142 = 6*u - 2*u, 2*y - 115 = 3*u. Let n = 36 - u. List the prime factors of n.
73
Let c be (-515)/10 + 2/4. Let v = c + 53. Suppose 0 = 4*l + 4*m - 464, m + 352 = 3*l + v*m. What are the prime factors of l?
2, 59
Suppose -3*p + 2 + 1 = 0, 3*g + 2*p - 773 = 0. Suppose 8*m + g = 9*m. What are the prime factors of m - (-5*6/(-5) - 3)?
2, 127
What are the prime factors of (-40)/(-30) - (-407900)/30?
2, 13, 523
Let x(f) = -f**3 - 8*f**2 - 4*f - 2. Let u be x(-8). List the prime factors of 2/2 + u + -5.
2, 13
Let k = 27230 - 9260. List the prime factors of k.
2, 3, 5, 599
Suppose 449*y + 2725492 = 757*y. List the prime factors of y.
8849
Suppose 0 = 3*t - 2*k - 145, 5*t = -0*t + 4*k + 245. Suppose 0 = -5*m + 55 + t. List the prime factors of (-33)/((-5)/m - (-2)/24).
2, 3, 11
Let y(s) = s**2 + 5*s - 4. Let g = 86 + -92. Let k be y(g). Suppose -13*z = k*z - 2685. What are the prime factors of z?
179
List the prime factors of (-235)/(-470) + ((-270210)/4)/(-5).
59, 229
Suppose 0 = -3*r + 2*r. Suppose -10*u + 8*u + 80 = r. Suppose -u*y + 43*y - 306 = 0. List the prime factors of y.
2, 3, 17
Let y be (-51)/(-18) + 4/24. Suppose 4*l - 618 = 2*n, -5*n - 613 = -4*l - 4*n. Suppose l + 73 = y*u. What are the prime factors of u?
3, 5
Suppose -60*m - 191 + 551 = 0. List the prime factors of (0/(-4) + -176)/(m/(-18)).
2, 3, 11
Suppose 0 = 2*i - 2*u - 1596, i - 4*u = -388 + 1186. Suppose 4*b - 2210 = i. What are the prime factors of b?
2, 47
Suppose 71 - 278 = -23*i. List the prime factors of (-159)/((i/40)/(114/(-95))).
2, 53
List the prime factors of 5 - ((-1355425)/25 + -9).
3, 18077
Suppose -i - 3*c - 37 = 0, 2*i - 4*c - 82 = 4*i. Let t = -55 - i. List the prime factors of ((-72)/(-21))/(t/(-147)).
2, 3, 7
Suppose -25*w = -54*w + 17*w + 705540. List the prime factors of w.
5, 11, 1069
Suppose -5*j + 181130 = z, 22*j - 5*z = 21*j + 36252. List the prime factors of j.
17, 2131
Suppose 7*y + 34 = -15. Let n(c) = c**2 + 7*c + 5. Let w be n(y). Suppose -3*r + r + 5*s + 215 = 0, -w*s = 3*r - 335. List the prime factors of r.
2, 5, 11
Let o = -540 + 179. Let l = o - -696. List the prime factors of l.
5, 67
Let z(b) = -15 - 13 + 207*b - 3 - 497*b + 22. What are the prime factors of z(-3)?
3, 7, 41
Suppose j = 4*u - 4066 - 16418, j = 0. What are the prime factors of u?
3, 569
What are the prime factors of 4117 + (-7 - (117 - 9)/(-12))?
3, 1373
Suppose 16*z = 104*z - 548152. List the prime factors of z.
6229
Let c be (-2 - -2) + 6237/21. Let h = 403 - c. What are the prime factors of h?
2, 53
Let s = -3534 + 7926. List the prime factors of s.
2, 3, 61
Let d(b) = 13*b + 47*b + 8 + b. Let q be d(1). Let f = q + 36. What are the prime factors of f?
3, 5, 7
Suppose -2*l - 12 = -5*c + 7*c, 5*c + l = -22. Let a be 26 + c*2/(-8). Suppose x = 320 - a. What are the prime factors of x?
293
Let y(g) = -2*g**2 + 12*g + 6. Let i be y(6). Suppose 21 = i*r - 9. Suppose 0 = 4*h - 6*h - c + 226, -5*c = -r*h + 565. List the prime factors of h.
113
Suppose 2*d = -5*o + 34, 2*d = 2*o + 17 + 3. Let y(i) = -2*i**2 + 18*i - 16. Let l be y(d). Let q = -63 - l. List the prime factors of q.
5
Suppose 22178 = 4*w + 5*y - 9505, 0 = 3*w - 4*y - 23739. List the prime factors of w.
3, 7, 13, 29
Let r(g) = 52*g**2 - 134*g - 607. List the prime factors of r(28).
23, 1583
Suppose 57269 = 50*r - 16737 - 65694. What are the prime factors of r?
2, 11, 127
Let d = -448 + 85. Let v = -90 - d. List the prime factors of v.
3, 7, 13
Let d = 63488 - -242. What are the prime factors of d?
2, 5, 6373
Suppose 2119 = -3*b - y + 5843, -4*b + 3*y = -4974. Let g = b + -879. What are the prime factors of g?
3, 11
Suppose -z - 172 = -3*o, -114 = -3*o - 5*z + 70. Let f = o - -104. What are the prime factors of f?
2, 3
What are the prime factors of (-5 + -2482)*(-4)/2?
2, 3, 829
List the prime factors of 3/(-2)*((-3671 - 5) + -8).
2, 3, 307
List the prime factors of 27 - (-10052 - (-24 - -20)).
5, 13, 31
Suppose -21*p = -102 - 3. Let a = 422 + -275. Suppose -a = -p*o + w, w - 7 - 26 = -o. List the prime factors of o.
2, 3, 5
Suppose -5*m = -y - 49, -3*m - 20 = 2*m. Let z = y + 44. Let l = 3 - z. List the prime factors of l.
2, 7
List the prime factors of 3 + -12 - (-9963)/(1 + 0).
2, 3, 7, 79
Let v(k) = 4*k**3 - 10*k**2 + 346*k + 52. List the prime factors of v(13).
2, 7, 13
List the prime factors of (-24826)/(-4) - 5/10.
2, 29, 107
Suppose 5*t = 3*p - 20, 3*t - 4*p = -p - 12. Let z = t + 4. Let x(q) = -q**2 - q + 24. What are the prime factors of x(z)?
2, 3
Suppose -16*i + 10 = -14*i. Suppose 6*x - x + 5*o = 1770, 3*o = i*x - 1794. Suppose 315 = 7*z - x. List the prime factors of z.
2, 3
Let f be (4 + -15)*178/(-2). Suppose 0 = 3*z + 4*a - 974, -a = -11*z + 8*z + f. List the prime factors of z.
2, 163
Let g(i) = 16*i**3 + 3*i**2 - 3*i + 30. Let l be g(10). Suppose -l = -20*r - 1160. What are the prime factors of r?
757
Let b(u) be the third derivative of 11*u**7/2520 - u**6/40 + u**5/6 + 24*u**2. Let v(r) be the third derivative of b(r). List the prime factors of v(6).
2, 3, 19
List the prime factors of (-35)/(-140) + 132878/8.
2, 5, 11, 151
Suppose z + 19039 = 4*i, -610*i = -611*i + z + 4759. What are the prime factors of i?
2, 5, 7, 17
Suppose -3*y = -8*y + 2*u - 6, 0 = -2*y + 2*u. Suppose -9*g + 613 = 2125. What are the prime factors of y - (g + -3)/1?
13
Let k(c) = c**2 + 11*c + 25. Suppose 9*d = -53 - 37. Let p be k(d). Suppose -305 = -p*i + 550. What are the prime factors of i?
3, 19
Suppose 0 = -16*g + 3*g + 65. What are the prime factors of -6 + (951 - (g + 0)) + 5?